sor of c and z.
2
Let u(c) = -c**2 - 29*c - 109. Let p be u(-22). Calculate the highest common factor of p and 720.
45
Suppose -4*n - 5*b + 21 = 0, 4*n - 2*n - 3*b - 5 = 0. Suppose -n = -2*r, -66 = -0*y - 3*y + 3*r. Calculate the highest common divisor of 6 and y.
6
Suppose 15 = -5*s, 3*s - 37 = -d - 0*s. What is the highest common divisor of d and 23?
23
Let m = 69 - 29. Let l = -179 + 239. Calculate the highest common factor of m and l.
20
Suppose 2*y + 2*j = -j - 28, -2*y + 5*j - 28 = 0. Let h = y + 106. Calculate the greatest common divisor of h and 4.
4
Let p(g) = -g**3 + 7*g**2 + 2*g - 9. Let w be p(7). Let q be (-92)/w + 10/25. Let j = q - -58. Calculate the highest common factor of j and 60.
20
Suppose 0 = 10*y - 18*y + 120. What is the highest common divisor of 505 and y?
5
Let j(a) = a**2 - 7*a + 19. Let w be j(10). What is the highest common divisor of w and 112?
7
Let z(r) = r - 1. Let k be z(6). Suppose -56 = -2*l - 4*g, -105*l + 2*g = -101*l - 72. What is the highest common factor of l and k?
5
Let k = 213 + -209. Let p(a) = a**2 + 7*a + 7. Let l be p(-6). Suppose g = l + 5. What is the greatest common divisor of g and k?
2
Let a(w) = 5*w + w**3 + 5 - 2 - 2*w**3 - 4*w**2 + 0. Let f be a(-6). Suppose -18 = -3*p - v, -5*p - 3*v + 37 = v. What is the greatest common factor of f and p?
5
Suppose -4*i + 3*n + 891 = 0, 24*i - 26*i - n + 433 = 0. What is the greatest common divisor of i and 3?
3
Let g = 124 - 122. Suppose -x - 65 = -g*j, 2*j - 2*x - x - 67 = 0. What is the greatest common divisor of 4 and j?
4
Suppose 0 = -5*m + 3*u + 144, 4*u - 92 = -3*m + 3*u. Calculate the highest common factor of 390 and m.
30
Let t be (-2 + 0 - -1)*(-756)/18. Suppose 280 = t*b - 35*b. What is the greatest common factor of 16 and b?
8
Let b be ((-34)/(-6) + -7)*-6. What is the greatest common divisor of b and 1912?
8
Suppose 4*c = 16*c - 1716. Let i(r) = 12*r + 1. Let v be i(1). Calculate the greatest common divisor of v and c.
13
Let h be (-4)/(-2)*(8 - 10). Let u be 408/66 - h/(-22). Let r be (-46 + u)*(0 + -2). What is the highest common divisor of 10 and r?
10
Let k be 248/20 + 6/(-15). Suppose -4*p = -2*h + k, -4*h + 42 = -2*p - 0. Let q = h + -10. Calculate the greatest common divisor of q and 1.
1
Let p be (-15)/60 - 866/(-8). Suppose 0 = -2*t + j, 0*t + t - 4*j + 7 = 0. Let k be (-45)/(-2 - t) - 3. What is the greatest common divisor of p and k?
12
Let b(l) = -22*l**2 + 6*l + 20. Let v(w) = -8*w**2 + 2*w + 7. Let z(a) = 5*b(a) - 14*v(a). Let f be z(-4). What is the greatest common divisor of f and 2?
2
Suppose -3*u = 3*p - 2*p + 17, 0 = -3*u - 15. Suppose -23 = y - 71. Let c = y - p. Calculate the highest common divisor of 75 and c.
25
Let d = -529 - -613. Calculate the greatest common factor of 8 and d.
4
Let h = 9 - 5. Let c = 8 - h. Suppose c*y - 8 = -3*z + 18, -3*y = -4*z - 32. What is the greatest common factor of 64 and y?
8
Suppose 0 = 2*u + 4*k + k - 510, 0 = u - 5*k - 255. Calculate the highest common factor of u and 30.
15
Suppose -5*q - 2 = 5*t - 27, 31 = 5*q + 2*t. Suppose 2*o - 123 = -5*y, -5*o - y = -164 - 86. What is the highest common factor of q and o?
7
Let d = -12 + 0. Let u = -27 + 24. Let r be 9*(-8)/d + u. What is the highest common divisor of 2 and r?
1
Let q(m) = 7*m**2 - 95*m - 29. Let z be q(14). Let w be (-466)/(-4) - (-4)/8. What is the greatest common factor of z and w?
13
Suppose -3*h - 2*i = -2*h - 11, 3*i = 3*h - 6. Suppose 4*a = -8, n - 5*a + h = 20. Calculate the highest common factor of 1 and n.
1
Let j(s) = s**2 - 39. Let m be j(-7). What is the highest common divisor of 230 and m?
10
Suppose 0 = 2*d + 179 - 531. Suppose -d = -4*u - 2*x, -x - 229 = -5*u + x. Let p = 69 - u. Calculate the highest common factor of p and 4.
4
Suppose 7 - 26 = -i. Let m = -16 + i. Let q = -25 - -46. What is the greatest common factor of m and q?
3
Suppose 4*t + 5*r - 224 = 0, 0 = -2*t + 4*r + 116 - 4. What is the highest common factor of 196 and t?
28
Let f(a) be the third derivative of a**5/15 - a**4/3 + 5*a**3/3 + 15*a**2. Let x be f(4). What is the greatest common divisor of 14 and x?
14
Let c be -49*((-16)/(-32))/(14/(-12)). What is the highest common divisor of c and 504?
21
Let t be (-119)/(-1) + (9 - (5 + -1)). Calculate the greatest common factor of t and 558.
62
Suppose 5*f - 3*k = 211, -k + 2 + 1 = 0. Let r = f + -26. Calculate the highest common factor of 9 and r.
9
Suppose 2*b - 4*g = 252, 2*b + b - 363 = g. Let u(l) = l**2 + 3*l + 4. Let k be u(-6). Suppose 62 = a + k. What is the greatest common factor of b and a?
40
Suppose 1074 - 66 = 21*n. Calculate the greatest common divisor of n and 72.
24
Suppose 12*n - 433 = 335. What is the greatest common factor of 432 and n?
16
Suppose 5*v - 25 = -4*q + 30, 4*q + 3*v - 49 = 0. Suppose 0 = k - 3*k + 50. What is the greatest common divisor of q and k?
5
Let m be 36/10*(-40)/(-16). Let v(j) = -j**3 + 10*j**2 - 7*j - 2. Let c be v(m). Calculate the greatest common factor of c and 40.
8
Suppose -39*d + 34*d + 3*u = -80, -4*d - 5*u = -64. What is the greatest common factor of 1024 and d?
16
Suppose i = -2*i. Suppose i = -5*b - 17 - 3, -2*b + 52 = 5*w. Let m = w + 0. Calculate the highest common divisor of 12 and m.
12
Let y = 27 + -15. Suppose y*a + 12 = 13*a. Let l be 78/a + (-2)/(-4). Calculate the highest common divisor of 21 and l.
7
Let d be (0 - 3)/(1/(-11)). Let t = -1198 - -1209. Calculate the greatest common divisor of d and t.
11
Let j = -6 - -20. Suppose 17*k = j*k + 90. Suppose 0*w = -3*w - f + 33, 3*f - 9 = 0. What is the greatest common factor of k and w?
10
Let m(l) = 2*l**3 - l**2 + l. Let d be m(1). Suppose d*w = 6*w - 532. Calculate the greatest common factor of 19 and w.
19
Let k(s) = -8*s**3 + 8*s**2 + 20*s - 3. Let i be k(-3). What is the greatest common divisor of i and 36?
9
Let a = 12 + -6. Let w(h) = -h**3 + 6*h**2 + 3*h - 8. Let c be w(a). What is the greatest common divisor of 80 and c?
10
Let t(o) = -7*o**3 - 2*o**2 + 3*o + 2. Let q be t(-2). Let y(u) = u**3 - 4*u**2 + 6*u + 2. Let k be y(3). Calculate the greatest common divisor of q and k.
11
Let i = -1 - -1. Let n = 115 + -115. Suppose -c + n*c - 5*y + 98 = i, 2*y - 98 = -c. What is the highest common divisor of c and 14?
14
Let l = -32 - -36. Suppose 189 = l*j - 259. What is the greatest common factor of j and 16?
16
Let u be (-1)/((-4)/464)*3. Suppose -7*y + 1223 = u. What is the highest common factor of 50 and y?
25
Suppose -2112 = -32*a + 5952. What is the highest common factor of 189 and a?
63
Let u(p) = -8*p + 260. Let g be u(32). Calculate the highest common divisor of 64 and g.
4
Let u = -1178 - -1203. Let y be 198 + (-4)/((-2)/1). Calculate the highest common divisor of y and u.
25
Let n be (0 + (-165)/6)*56/(-10). Let p = 259 - n. Calculate the highest common divisor of p and 21.
21
Let b(m) = 8*m**2 + 3*m + 7. Let r be b(-2). What is the highest common factor of 253 and r?
11
Suppose -4*w + 2*l + 20 = 0, -w = -0*w + 3*l + 9. Suppose -481 = -2*v + w*u, 0 = -3*v + 2*u - 61 + 785. Calculate the highest common factor of 22 and v.
22
Let g be 1/4*(18 + -14). Let c be (g - (-1)/5)/((-8)/(-20)). Let v = 27 - 15. What is the highest common divisor of c and v?
3
Let i be ((-286)/33)/(2/(-3)). Calculate the highest common factor of 325 and i.
13
Let a(k) = k**2 - 3*k - 7. Let u be a(5). Suppose -u*h - h = -28. Let c be 30/45 + 40/3 + 0. Calculate the highest common factor of h and c.
7
Suppose -4*n + 28 = 8. Suppose h + 100 = n*p + 3*h, 5*h = 5*p - 100. Let m be p/(-90) + 796/18. Calculate the highest common divisor of 4 and m.
4
Let x be (-5)/((-75)/(-6)) - 835/(-25). What is the highest common divisor of x and 198?
33
Suppose -3*b - 27 = -5*m, 1 = 25*b - 24*b. Let r(j) = -3*j + 1. Let f be r(-1). Calculate the highest common factor of f and m.
2
Let k(l) = 5*l - 30. Let c be k(7). Suppose -c*q + 2257 + 243 = 5*z, z - 2480 = -5*q. What is the greatest common divisor of 45 and q?
45
Let g(u) = -2*u**3 - 2*u. Let d be g(-2). Suppose 3*t + 2 = -13, -4*k = 2*t - 18. Suppose -3*r + 127 = k. What is the highest common factor of r and d?
20
Let s(d) = -d**3 - 4*d**2 - 10. Let p be s(-7). Let l = p - 135. Calculate the highest common factor of 5 and l.
1
Let s be 2*(-6)/4 - 2265/1. Let p be s/98